{"id":25,"date":"2013-11-24T17:03:18","date_gmt":"2013-11-24T17:03:18","guid":{"rendered":"https:\/\/quianenergy.com\/?page_id=25"},"modified":"2013-11-24T17:03:18","modified_gmt":"2013-11-24T17:03:18","slug":"legislacion","status":"publish","type":"page","link":"https:\/\/quianenergy.com\/index.php\/legislacion\/","title":{"rendered":"Legislaci\u00f3n"},"content":{"rendered":"<h1 id=\"ctl00_tituloSubNiveles_nivel1\">Eficiencia Energ\u00e9tica<\/h1>\n<h2 id=\"ctl00_tituloSubNiveles_nivel2\">Certificaci\u00f3n de eficiencia energ\u00e9tica de los edificios<\/h2>\n<div>\n<div id=\"ctl00_PlaceHolderMain_divColumnas\">\n<div id=\"WebPartSuperior\">\n<p>La exigencias\u00a0relativas a la certificaci\u00f3n energ\u00e9tica de edificios establecidas en la Directiva 2002\/91\/CE del Parlamento Europeo y del Consejo, de 16 de diciembre de 2002, se transpusieron en el Real Decreto 47\/2007, de 19 de enero, mediante el que se aprob\u00f3 un Procedimiento b\u00e1sico para la certificaci\u00f3n de eficiencia energ\u00e9tica de edificios de nueva construcci\u00f3n.<\/p>\n<p>Con posterioridad, la Directiva 2002\/91\/CE\u00a0del Parlamento Europeo y del Consejo, de 16 de diciembre de 2002, ha sido modificada mediante la Directiva 2010\/31\/UE del Parlamento Europeo y del Consejo, de 19 de mayo de 2010, relativa a la eficiencia energ\u00e9tica de los edificios, circunstancia que ha obligado a transponer de nuevo al ordenamiento jur\u00eddico espa\u00f1ol las modificaciones que introduce con respecto a la Directiva modificada.<\/p>\n<p>Si bien esta transposici\u00f3n podr\u00eda realizarse mediante una nueva disposici\u00f3n que modificara el Real Decreto 47\/2007, de 19 de enero, y que a la vez completara la transposici\u00f3n contemplando los edificios existentes, parece pertinente que se realice mediante una \u00fanica disposici\u00f3n que refundiendo lo v\u00e1lido de la norma de 2007, la derogue y complete, incorporando las novedades de la nueva directiva y ampl\u00ede su \u00e1mbito a todos los edificios, incluidos los existentes.<\/p>\n<p>En consecuencia, mediante este real decreto se transpone parcialmente la Directiva\u00a02010\/31\/UE del Parlamento Europeo y del Consejo, de 19 de mayo de 2010, en lo relativo a la certificaci\u00f3n de eficiencia energ\u00e9tica de edificios, refundiendo el Real Decreto 47\/2007, de 19 de enero, con la incorporaci\u00f3n del Procedimiento b\u00e1sico para la certificaci\u00f3n de eficiencia energ\u00e9tica de edificios existentes.<\/p>\n<p>Este\u00a0<a id=\"Real Decreto 235\/2013\" href=\"http:\/\/www.boe.es\/boe\/dias\/2013\/04\/13\/pdfs\/BOE-A-2013-3904.pdf\">Real Decreto 235\/2013\u00a0<\/a>, de 5 de abril, por el que se aprueba el procedimiento b\u00e1sico para la certificaci\u00f3n de la eficiencia energ\u00e9tica de los edificios, entr\u00f3 en vigor el d\u00eda siguiente de su publicaci\u00f3n en el Bolet\u00edn Oficial del Estado n\u00ba 89 (13\/04\/2013), <strong>siendo voluntaria su aplicaci\u00f3n hasta el 1 de junio de 2013<\/strong>. <strong>A partir de ese moment<\/strong>o, la presentaci\u00f3n o puesta a disposici\u00f3n de los compradores o arrendatarios del certificado de eficiencia energ\u00e9tica de la totalidad o parte de un edificio, seg\u00fan corresponda, <strong>ser\u00e1 exigible para los contratos de compraventa o arrendamiento celebrados a partir de dicha fecha<\/strong>.<\/p>\n<h2>Registro general de documentos reconocidos para la certificaci\u00f3n de eficiencia energ\u00e9tica.<\/h2>\n<p>De acuerdo con el art\u00edculo 3 del citado Real Decreto, se crea este Registro con el fin de facilitar el cumplimiento de este Procedimiento b\u00e1sico. Est\u00e1 adscrito a la Secretar\u00eda de Estado de Energ\u00eda, del Ministerio de Industria, Energ\u00eda y Turismo, teniendo car\u00e1cter p\u00fablico e informativo.<\/p>\n<p>En el citado Registro se encuentran todos aquellos documentos que han recibido el reconocimiento conjunto de los Ministerios de Industria, Energ\u00eda y Turismo y de Fomento, y ha sido estructurado en funci\u00f3n de la aplicaci\u00f3n que corresponde a cada documento reconocido.<\/p>\n<h2>Calificaci\u00f3n de la eficiencia energ\u00e9tica de un edificio.<\/h2>\n<p>Los procedimientos para la calificaci\u00f3n de eficiencia energ\u00e9tica de un edificio deben ser documentos reconocidos y estar inscritos en el Registro general.<\/p>\n<p>Cuando se utilicen componentes, estrategias, equipos y\/o sistemas que no est\u00e9n incluidos en los programas disponibles, para su consideraci\u00f3n en la calificaci\u00f3n energ\u00e9tica se har\u00e1 uso del procedimiento establecido en el documento informativo \u00bb\u00a0Aceptaci\u00f3n de soluciones singulares y capacidades adicionales a los programas de referencia y alternativos de calificaci\u00f3n de eficiencia energ\u00e9tica de edificios\u00a0\u00ab, disponible en el Registro general.<\/p>\n<h2>Etiqueta de eficiencia energ\u00e9tica.<\/h2>\n<p><img decoding=\"async\" alt=\"Etiqueta\" src=\"http:\/\/www.minetur.gob.es\/energia\/desarrollo\/EficienciaEnergetica\/CertificacionEnergetica\/PublishingImages\/Etiqueta_eficiencia_energetica.jpg\" \/><\/p>\n<p>La obtenci\u00f3n\u00a0del certificado de eficiencia energ\u00e9tica otorgar\u00e1 el derecho de utilizaci\u00f3n, durante el periodo de validez del mismo, de la etiqueta de eficiencia energ\u00e9tica, cuyos contenidos se recogen el documento reconocido correspondiente a la etiqueta de eficiencia energ\u00e9tica, disponible en el Registro general.<\/p>\n<p>La etiqueta se incluir\u00e1 en toda oferta, promoci\u00f3n y publicidad dirigida a la venta o arrendamiento del edificio o unidad del edificio. Deber\u00e1 figurar siempre en la etiqueta, de forma clara e inequ\u00edvoca, si se refiere al certificado de eficiencia energ\u00e9tica del proyecto o al del edificio terminado.<\/p>\n<p><img decoding=\"async\" alt=\"Logo\" src=\"http:\/\/www.minetur.gob.es\/energia\/desarrollo\/EficienciaEnergetica\/CertificacionEnergetica\/PublishingImages\/Logo_certificacion_energetica.jpg\" \/><\/p>\n<p>&nbsp;<\/p>\n<\/div>\n<\/div>\n<\/div>\n","protected":false},"excerpt":{"rendered":"<p>Eficiencia Energ\u00e9tica Certificaci\u00f3n de eficiencia energ\u00e9tica de los edificios La exigencias\u00a0relativas a la certificaci\u00f3n energ\u00e9tica de edificios establecidas en la Directiva 2002\/91\/CE del Parlamento Europeo y del Consejo, de 16 de diciembre de 2002, se transpusieron en el Real Decreto 47\/2007, de 19 de enero, mediante el que se aprob\u00f3 un Procedimiento b\u00e1sico para la certificaci\u00f3n de eficiencia energ\u00e9tica de edificios de nueva construcci\u00f3n. Con posterioridad, la Directiva 2002\/91\/CE\u00a0del Parlamento Europeo y del Consejo, de 16 de diciembre de 2002, ha sido modificada mediante la Directiva 2010\/31\/UE del Parlamento Europeo y del Consejo, de 19 de mayo de 2010, relativa a la eficiencia energ\u00e9tica de los edificios, circunstancia que ha obligado a transponer de nuevo al ordenamiento jur\u00eddico espa\u00f1ol las modificaciones que introduce con respecto&hellip;<\/p>\n<p class=\"excerpt-more\"><a class=\"blog-excerpt button\" href=\"https:\/\/quianenergy.com\/index.php\/legislacion\/\">Read More&#8230;<\/a><\/p>\n","protected":false},"author":1,"featured_media":0,"parent":0,"menu_order":0,"comment_status":"open","ping_status":"open","template":"","meta":{"footnotes":""},"class_list":["post-25","page","type-page","status-publish","hentry"],"_links":{"self":[{"href":"https:\/\/quianenergy.com\/index.php\/wp-json\/wp\/v2\/pages\/25","targetHints":{"allow":["GET"]}}],"collection":[{"href":"https:\/\/quianenergy.com\/index.php\/wp-json\/wp\/v2\/pages"}],"about":[{"href":"https:\/\/quianenergy.com\/index.php\/wp-json\/wp\/v2\/types\/page"}],"author":[{"embeddable":true,"href":"https:\/\/quianenergy.com\/index.php\/wp-json\/wp\/v2\/users\/1"}],"replies":[{"embeddable":true,"href":"https:\/\/quianenergy.com\/index.php\/wp-json\/wp\/v2\/comments?post=25"}],"version-history":[{"count":0,"href":"https:\/\/quianenergy.com\/index.php\/wp-json\/wp\/v2\/pages\/25\/revisions"}],"wp:attachment":[{"href":"https:\/\/quianenergy.com\/index.php\/wp-json\/wp\/v2\/media?parent=25"}],"curies":[{"name":"wp","href":"https:\/\/api.w.org\/{rel}","templated":true}]}}